rs of 3/(15/h) - (-36)/180?
3, 31
Let p(b) = 336*b**2 - 703*b - 3577. List the prime factors of p(-5).
2, 11, 379
Let o = 850 + -422. Let k = o + -236. List the prime factors of k.
2, 3
Let d(s) = 295*s - 1. Let q be d(-1). Let x = 538 + q. Suppose 7*z - 739 = -x. What are the prime factors of z?
71
Suppose 0 = 5*x - 7*x + 3*h + 836, -10 = -5*h. Let g = x - 211. List the prime factors of g.
2, 3, 5, 7
Let r be (7 - -5*(-4)/5)*-5. Let q(s) = -s**2 - 37*s - 37. List the prime factors of q(r).
293
Let m be 1/2*14/7*-1. What are the prime factors of (m - -706) + -2 + 102/34?
2, 353
Let y(b) = -6*b**3 - 12*b**2 - 20*b - 8. Suppose -26 = 5*r + 4*l, 0 = r - 0*r + 5*l + 1. List the prime factors of y(r).
2, 61
Let j be (-20 - (-1 - 2)) + (-4)/(-2). Let o(a) = -2*a - 28. Let b be o(j). What are the prime factors of b - -8 - -4*(-2)/4?
2
Suppose -105902 - 42259 = -29*g. What are the prime factors of g?
3, 13, 131
Let w(f) = f**3 + 12*f**2 + f - 28. Let z be w(-12). Let i = z - -50. Let d = 25 + i. List the prime factors of d.
5, 7
Suppose 0 = -8356*l + 8355*l + 8, -l + 67370 = 3*t. List the prime factors of t.
2, 103, 109
Let s = 196640 + -116800. What are the prime factors of s?
2, 5, 499
Let l be -1 - -12 - (9 + -4). Suppose l*y - 1663 - 1937 = 0. List the prime factors of y.
2, 3, 5
Let g = 88 - 92. What are the prime factors of g + 154 + (-1 - 4) + -1?
2, 3
Let l(d) = 22*d**2 + 6*d - 6. Suppose 6 = 3*s, 17 = 3*w - 0*s + 4*s. Let o be l(w). Suppose -60 = n - o. What are the prime factors of n?
2, 3, 5
Suppose 0 = 4*i + 3*m - 18020, 0*m = i - m - 4512. Suppose -30*o + i = -22582. List the prime factors of o.
3, 7, 43
List the prime factors of 2484/(-2691) + (-671007)/(-13).
3, 5, 31, 37
Suppose -r = -2, 2*c - 600 = -0*r - 4*r. Suppose 0 = 6*f - c - 106. What are the prime factors of f?
67
Let h(j) = 4 + 17*j + 0*j**2 - 2*j**2 + 3*j**2 - 9*j. Let x be h(-8). List the prime factors of (-3)/(-9)*-366*x/(-4).
2, 61
Let m be 1937 + 33/(-9) + (-2)/(-3). Let v be (-5)/(-25) - m/(-5) - -3. Suppose -4*x + v = -186. List the prime factors of x.
2, 3
What are the prime factors of (-2 - (-475281)/24) + 11/((-1672)/57)?
19801
What are the prime factors of 25 + 2084*(-495)/(-44)?
2, 5, 2347
Let b(l) = 3*l**2 - 9*l + 5. Suppose 0 - 24 = -8*z. Let t be b(z). Suppose 5*u - 480 = -t*u. List the prime factors of u.
2, 3
Let m(o) = 2*o**2 + 6*o - 65. Let r be m(5). List the prime factors of 3*((-5)/r)/(2/(-206)).
103
List the prime factors of 34802/8 + 194/(-776).
2, 3, 5, 29
Let h = -204 - -209. Suppose -h*m - n = -245, m - 147 = -2*m + 5*n. List the prime factors of m.
7
Let a(c) = 2*c**3 + 8*c**2 - 5*c + 6. Let b be a(-6). Suppose -5*p - 430 = -3*k, -114*p + 119*p = -4*k + 515. Let y = k + b. What are the prime factors of y?
3
List the prime factors of (-37349015)/(-1263) + (-2)/(-6).
2, 7393
Let x be ((-2 - -10) + -8)/(-2). Suppose x = -9*j + 5353 - 1393. What are the prime factors of j?
2, 5, 11
Let y = 4777 - 263. List the prime factors of y.
2, 37, 61
Let i be 335*(-2 + 26/10). Suppose 3*m - 13 = 2*v, 3*v - 4*v = -5*m + 10. What are the prime factors of m*i/15 + (-4)/10?
13
Suppose 41*v - 42*v + 40658 = y, 0 = -2*y - 4*v + 81330. What are the prime factors of y?
13, 53, 59
Let i = -375 - -371. What are the prime factors of i/((-8)/300*(-30)/(-230))?
2, 5, 23
Suppose -3*m + 76 = 2*m - 3*q, -12 = -m - q. Suppose 5*z + 5598 = m*z. List the prime factors of z.
2, 311
Let z = -101 + 122. Suppose -22*g + z*g = 159. Let w = 273 + g. List the prime factors of w.
2, 3, 19
Let o(y) = -y**3 + 17*y**2 + 40*y + 19. Let q be -15*(77/(-35) - -1). List the prime factors of o(q).
5, 83
What are the prime factors of ((-28)/35)/(2*(-4)/62980)?
2, 47, 67
Suppose z = k - 3, -4*z + 15 = 2*k - 3*z. Let q = k - -189. What are the prime factors of q?
3, 5, 13
Suppose 5*f - 2*f - 994 = 605. What are the prime factors of f?
13, 41
Let g(t) be the third derivative of t**6/40 - t**5/20 - t**4/4 + 79*t**3/6 - 54*t**2 + 2. What are the prime factors of g(7)?
919
Suppose -t = 2*f + 38 + 153, -3*t - 581 = 2*f. Let p = t + 657. What are the prime factors of p?
2, 3, 7, 11
Let y(r) = 25*r - 30. Let q be (-130)/(-10) + (-2)/(-1). List the prime factors of y(q).
3, 5, 23
Suppose 0 = 2*c - 23*c + 6468. Suppose c*m - 310*m = -16. List the prime factors of m.
2
Let a(c) = -6*c - 4*c**3 + 3*c**3 - 3*c**2 - 18*c**2 - c**3. Let z be a(-9). Let h = 93 - z. List the prime factors of h.
2, 3, 47
Suppose 560*s - 43480 = 552*s. What are the prime factors of s?
5, 1087
Let u(b) = -b**2 + 7*b - 9. Let a be u(5). Let o be (16/20)/(-4*a/(-1490)). Suppose o + 35 = 3*c. List the prime factors of c.
3, 37
Let t = 267 - 98. Let c = t + -57. What are the prime factors of c?
2, 7
Suppose v - 2*r + 1 = 2, -r = 3*v - 17. Suppose -v*x - 1610 = -5*s, s - 2*x + 4*x - 337 = 0. What are the prime factors of s?
3, 109
Let j be ((-18)/(-4) + -2)*(-14 - -12). List the prime factors of (3*1)/(j/(-6900)*10).
2, 3, 23
Let q = -1503 + 6059. What are the prime factors of q?
2, 17, 67
Suppose 0 = 24*h - 18*h - 18. Suppose 12*a = -h*a + 7650. What are the prime factors of a?
2, 3, 5, 17
Suppose 0 = -5*t - 4*b + 37, 5*t - 2 - 29 = -2*b. Suppose -5*v = -t*m - 65 + 10, 3*v - 37 = 5*m. Suppose 0 = 10*i - v*i - 53. What are the prime factors of i?
53
Let i = -8508 + 15981. What are the prime factors of i?
3, 47, 53
Suppose 3*c - 6 = a, 0 = -a - 6*c + 7*c. Suppose -16 = -2*g - 2*n - 2*n, -4*n = -16. Suppose g = -m + 76 + a. What are the prime factors of m?
79
Let s = 93 - -88. Let g = s - 111. List the prime factors of g.
2, 5, 7
Let l = -123 - 6. Let c = 184 + l. Suppose -416 - c = -3*s. What are the prime factors of s?
157
Let h = 1058 + -387. Suppose -2*k - 3*k - h = 2*m, 5*k + 5*m + 680 = 0. Let i = k - -247. What are the prime factors of i?
2, 3, 19
Let o be 5199 - (-3)/9*(5 + -2). Suppose -5*l + o = 3*k, -14*k = -4*l - 11*k + 4160. List the prime factors of l.
2, 5, 13
Suppose 0 = -x + 3*x + 6, 5*h - 71 = -3*x. Suppose 0 = 7*g + h + 124. List the prime factors of g/(-5) + (26 - 1).
29
Suppose 2*u - 15 - 13 = 0. Let c(a) = 4*a**2 + 31*a + 50. Let h be c(-19). Suppose u*p - 9*p = h. What are the prime factors of p?
181
Suppose r - 50846 = -3*p, 153 - 169 = 4*r. What are the prime factors of p?
2, 3, 5, 113
Suppose 339*k - 341*k + 3*l = -28840, -2*l + 72062 = 5*k. What are the prime factors of k?
2, 7207
List the prime factors of (-642)/9*(-11 - -10 - 17).
2, 3, 107
Suppose -72464 = 170*q - 163*q. List the prime factors of (2/(-2))/(-5 - q/2072).
7, 37
Let b(u) = u**2 + 5*u + 45. Let s be b(-10). Let c = -95 + s. Suppose -85*k + 81*k + 444 = c. What are the prime factors of k?
3, 37
Let v(n) = 8069*n - 835. What are the prime factors of v(3)?
2, 5843
Suppose -10*v + 125*v - 17462053 = -298*v. List the prime factors of v.
42281
Suppose 0 = -w - 5*w + 102. Suppose -6*a + w = 5. Suppose -6*t = -a*t - 76. List the prime factors of t.
19
Let u be (-16)/(-4) + -10 - -10. Suppose p + 3*z = -0*z + 437, z = u*p - 1683. What are the prime factors of p?
2, 211
List the prime factors of (342/(-30)*(27 + -2))/((-10)/530).
3, 5, 19, 53
Suppose -v + 4*i + 381 + 215 = 0, i = -2*v + 1210. Let w = -389 + v. List the prime factors of w.
5, 43
Suppose 4*t = -5*i + 1 + 23, -60 = -5*i + 5*t. Let o(k) = 2*k**3 - 6*k**2 - 40*k + 15. What are the prime factors of o(i)?
5, 67
Let h(k) = 14*k - 2. Let f = -17 - -18. Let d be h(f). What are the prime factors of (-3)/6 - (-894)/d?
2, 37
Suppose -38*s = -42*s. Suppose 4*m - 3*n - 3558 = 0, 3*n - 3 - 3 = s. What are the prime factors of m?
3, 11
Let o = 6 + -3. Suppose 0 = 2*p + o*d - 470, 5*p - p - d - 926 = 0. Suppose 0*w - 2*w = -p. List the prime factors of w.
2, 29
Let t(l) = 704*l - 7144. List the prime factors of t(77).
2, 3, 37, 53
Suppose 3*w - 225 = 3*p, w + 22 = 5*p + 113. Suppose -w*k + 15344 = -55*k. List the prime factors of k.
7, 137
Let a = -348 + 942. Let q = 1057 - a. List the prime factors of q.
463
Suppose 0 = 5*h - 25, h - 6 = -5*f - 1. Suppose -2*c + 100 = -2*s - 424, f = -c + 2*s + 259. List the prime factors of c.
5, 53
Suppose 178 = -2*d - 3*i, 5*d - 79 = 4*i - 547. Let l = d + 152. Let v = 143 + l. List the prime factors of v.
7, 29
Let n(s) = 14*s**2 - 98*s - 2516. What are the prime facto